Let f(o) = -4*o**2 - 13*o + 24. Let t(z) = -3*z**2 - 14*z + 23. Let v(u) = 2*f(u) - 3*t(u). List the prime factors of v(-21).
2, 3, 7
Let p = -717 - -1064. What are the prime factors of p?
347
Let p(g) = 27*g**3 - 2*g**2 - 3*g - 1. Let u be p(-1). Let t = u + 43. List the prime factors of t.
2
Let x(w) = 3*w - 11. Let a be x(3). Let h(t) = 18*t**2 + 6*t + 4. What are the prime factors of h(a)?
2
Suppose 4 = h + 1. Suppose -43 = -h*d - 16. List the prime factors of d.
3
Suppose -130 = -5*p - 5*s, 3*p = -p + s + 114. What are the prime factors of 279/7 + 4/p?
2, 5
Let u = 6844 + -2552. List the prime factors of u.
2, 29, 37
Suppose -8*h - 83 = -7*h. Let b = -68 - h. What are the prime factors of b?
3, 5
Let l = 5 - 4. Suppose 5*r + l = f, 2*r = -0*r - 4*f - 18. What are the prime factors of (1/r)/((-7)/140)?
2, 5
Let j(y) = 86*y - 47. Let z(q) = 29*q - 15. Let i(b) = 2*j(b) - 7*z(b). What are the prime factors of i(-8)?
7, 37
Suppose 7*s = 2 - 9. Let a be 12 + 2 + 4/s. Suppose -3*h + 1 = -5*r - 37, -h - 4*r = a. What are the prime factors of h?
2, 3
What are the prime factors of (-1)/(3/(-12)) - 2055/(-3)?
13, 53
Let f = 2520 + -1795. List the prime factors of f.
5, 29
Suppose -6*u = -3*u - 9. Suppose -2*h = -h - u*d + 15, -5*d + 26 = -2*h. List the prime factors of (-1)/(((-3)/(-8))/h).
2
Suppose 0 = -5*h - 5899 + 21194. What are the prime factors of h?
7, 19, 23
Let m(o) = -2*o + 1. Let n be m(-5). Let b = -2 - n. List the prime factors of (-10 - b)/(3/37).
37
Let z = 72 + -54. Suppose w + z = 91. What are the prime factors of w?
73
Let x = 7 - 24. Let t = -19 + 40. Let c = t + x. List the prime factors of c.
2
Let j(o) = -2*o**2 + 4. Let u be j(2). List the prime factors of 11/(-44) + (-169)/u.
2, 3, 7
Let q(r) be the second derivative of r**5/20 - r**4/2 + r**3/2 - 3*r**2 - r. Let z be q(7). Let i = -41 + z. What are the prime factors of i?
23
Let c = -1 + -193. Let a = -1 - c. What are the prime factors of a?
193
Let d(m) = m**3 + 29*m**2 - 218*m + 53. What are the prime factors of d(-32)?
3, 1319
Suppose -4*m + 0*x + 49 = -3*x, -5*x - 15 = 0. Suppose -2*c + m*c = 1816. List the prime factors of c.
227
Suppose 7*k + 24 = 11*k. Suppose 0*a - 30 = -k*a. Suppose 10*p - a*p = 75. List the prime factors of p.
3, 5
What are the prime factors of ((-62)/(-1))/(14/28)?
2, 31
Let y be (-4)/6 - (-1)/(-3). Let r(m) = 58*m**2 - 2*m - 1. What are the prime factors of r(y)?
59
Suppose 9*x + 12 = 12*x. Suppose 448 = 2*z - x*c + 128, 0 = z + 5*c - 167. What are the prime factors of z?
2, 3
Let k(n) = -2*n - 27. Let l be k(0). Let g = l - -37. Let r = g - -49. List the prime factors of r.
59
Let w = -84 - -174. Let u = w + -33. What are the prime factors of u?
3, 19
Let x be 3 - 13/(65/30). What are the prime factors of (-3 - 24/x)*22?
2, 5, 11
Suppose -4*i + 205 = -3*s - 554, -2*i + s = -381. Let m = 277 - i. What are the prime factors of m?
5, 17
Let q(d) = 2*d**3 - 3*d + 15. Let l be q(0). Suppose 5*v - 11 = 4. Suppose -v*b + l = 6. List the prime factors of b.
3
Let o(q) = -71*q + 4. Suppose 27*d = 32*d + 10. List the prime factors of o(d).
2, 73
Let z = 143 - 141. Suppose 79 = z*l + 5*x + 21, -5*l + 145 = x. What are the prime factors of l?
29
Let s be -1*2/6 + 10906/21. Suppose 5*l - s = -4*u - 170, -u + 100 = -3*l. List the prime factors of u.
7, 13
Suppose -4*s - 28 = -5*s. What are the prime factors of (-4)/((32/s)/(-4))?
2, 7
Let t(y) = y**3 - 8*y**2 - 5*y + 12. What are the prime factors of t(9)?
2, 3
Let r(p) = p**3 - 3*p**2 - 5*p. Let w be r(4). Let c = 39 + -37. What are the prime factors of (3/c)/(w/(-56))?
3, 7
Let l be 19/(-5)*(-6 + 1). Let s be ((-2)/(-1))/(-2) + l. What are the prime factors of -3 + 3 - -1*s?
2, 3
Suppose 4*z = 235 + 593. Let g = z + -111. List the prime factors of g.
2, 3
Let t(g) = -5*g - 13. Suppose 0 = z - 8*z - 21. Let r be t(z). What are the prime factors of (11/33)/(r/126)?
3, 7
Suppose 5*t + 2*o - 480 = 9*t, o = 0. Let r = 178 + t. What are the prime factors of r?
2, 29
Let t be -3 + -5 - (4 + -4). Let g be (t/10)/((-20)/50). Suppose 28 = g*d - 2. What are the prime factors of d?
3, 5
Let b be 4/(-5)*15/(-6). Let n be (-1 - (b - 2))*-5. Suppose -5*d + 3*y + 3 = -50, -5*y + 45 = n*d. List the prime factors of d.
2, 5
Let v = 37 - 39. Let b = v + -5. List the prime factors of (b + -3)/(1/(-8)).
2, 5
Let c(u) = u**3 + 9*u**2 - 10*u + 12. Let s be c(-10). Suppose -l = f - 2*f - 1, s = -3*f. Let r(d) = -14*d - 11. What are the prime factors of r(l)?
31
List the prime factors of -2*(17 + -19)*(-3622)/(-8).
1811
Let z be 3/1*(-24)/(-9). Let u(a) = -5*a + 5. Let g be u(z). What are the prime factors of 4/14 + (-550)/g?
2
Let s = 20 + -15. Suppose 5*m + j = 112, j = s*m - 2*j - 124. What are the prime factors of m?
23
Suppose 5*w - 730 = 5*g, 2*w = -0*w + 4*g + 292. Suppose 5*x + w = t, 4*x = 4*t - x - 569. What are the prime factors of t?
3, 47
Let m(n) = n**3 - n**2 - n - 1. Let a(h) = 4*h**3 + 11*h**2 + 9*h + 1. Let f(w) = -a(w) + 5*m(w). What are the prime factors of f(17)?
3, 5
Suppose -29 = -4*c - 81. Let g = -13 - c. What are the prime factors of 27 - (2 - (g - -2))?
3
Let y = 1 - -3. Suppose 2*u = -y*t - 40, -5*t - 2*u - 52 = u. What are the prime factors of (-4)/2*100/t?
5
Suppose 0 = -w + 5*w - 3*h - 1201, -w - 5*h + 283 = 0. List the prime factors of w.
2, 149
Suppose -2*y = 3*c - 273, 3*y + 163 = 5*c + 544. What are the prime factors of y?
2, 3, 11
Let p = 9 + -3. Suppose -5*x + p - 41 = -3*w, -w - 5*x = -5. What are the prime factors of 44/w - 2/5?
2
Let c(b) = b**3 - 74*b**2 - 58*b - 456. List the prime factors of c(75).
3, 7, 13
Let l(t) be the second derivative of 7*t**3/2 - t. Let a = -203 - -204. What are the prime factors of l(a)?
3, 7
Suppose 0*f + 4*f = 328. Suppose -3*q - f + 220 = 0. List the prime factors of q.
2, 23
Let s = 2026 - 905. What are the prime factors of s?
19, 59
Let q(o) = o**2 - 12*o - 12. Let v be q(12). Let z be 9*((-20)/v + -2). List the prime factors of (-115)/z + (-5)/15.
2, 19
Let g = -305 + 323. What are the prime factors of g?
2, 3
Suppose -20*l - 54 = -23*l. What are the prime factors of l?
2, 3
Let n(b) = b**3 + 5*b**2 + 8*b + 9. Let u be n(-4). Let l(z) = -2*z - 3 + 2 + 5. List the prime factors of l(u).
2, 3
Suppose 0 = -11*t + 6*t + 85. Let w = -13 + t. Suppose 26 = w*y - 106. What are the prime factors of y?
3, 11
Suppose 0*n + 15470 = 14*n. List the prime factors of n.
5, 13, 17
Suppose 3*j = 8*j - 310. Let s = j + -21. What are the prime factors of s?
41
Suppose 0 = o + 4, -2*o = -4*n - 372 + 2880. List the prime factors of n.
5
Suppose 0 = -0*h + 2*h + 2*l + 2, 0 = 4*h - 2*l - 20. Suppose h*w = 4*t + 282, -4*w + 386 = -t - t. Let r = w - 66. What are the prime factors of r?
2
Let r = -9 + 8. List the prime factors of 2 + r + (-13 - -70).
2, 29
Let s be 10/(-2*1/(-40)). Let r be 2/10 + (-42)/(-15). Suppose -5*f - 3*i + s = 0, -2*f - 44 = r*i - 115. List the prime factors of f.
43
Let n = -2 - -165. Let y = n + -54. What are the prime factors of y?
109
Let d(v) = v**2 - 10*v + 16. Let t be d(8). Suppose -3*p + t*p = -5454. List the prime factors of p/63 + (-2)/(-14).
29
Suppose 16 = 3*h - 2*y, 3*h - y = -2 + 13. Suppose 0 = -h*m + 3*t, 1 = -4*m + 5*t + 3. Suppose -m*n + 0*n = -21. List the prime factors of n.
7
Suppose -3*l - 4*c - 14 = 0, 3*c = 5*l - 0*c - 25. Suppose -342 = l*w - 5*w. What are the prime factors of w?
2, 3, 19
Suppose 5*t = s + 238 + 2961, -5*t + 3195 = -5*s. Suppose -15*m = -10*m - t. List the prime factors of m.
2
Suppose -31 = -2*w - t + 9, 0 = -4*w - t + 78. Suppose w + 16 = f + 4*y, 2*f - 2*y = 20. What are the prime factors of f?
3, 5
Let g(h) = -4*h**3 + 3*h + 3. Let d be g(-2). Let l be (-1 - 1 - -3)*53. Let v = l - d. List the prime factors of v.
2, 3
Let v be (12 - 8)*(-5)/(-2). Let i = v - 9. List the prime factors of i/2*(-6 - -10).
2
Suppose 4*a = -v + 8873, -2*a + 67*v = 64*v - 4419. List the prime factors of a.
3, 739
Let a be (44/(-6) + 2)*(-36)/8. What are the prime factors of (-1)/3*2 + 7456/a?
2, 5, 31
Let q = -43 + 93. Suppose -n = 3*t + 14, -n - 3*t = -4*n - 66. Let b = q + n. What are the prime factors of b?
2, 3, 5
Let n(w) = 3*w - 3. Let s = -5 - -7. Let v be n(s). Suppose l = v + 8. What are the prime factors of l?
11
Suppo